{"version":"1.0","provider_name":"Colombia Travel Blog by See Colombia Travel","provider_url":"https:\/\/seecolombia.travel\/blog","author_name":"Marcela","author_url":"https:\/\/seecolombia.travel\/blog\/author\/marcela\/","title":"\u00bfPortugal queda en Europa? - Un post de mam\u00e1 viajera.","type":"rich","width":600,"height":338,"html":"<blockquote class=\"wp-embedded-content\" data-secret=\"tCXrRhZzoj\"><a href=\"https:\/\/seecolombia.travel\/blog\/2017\/02\/viajar-con-ninos-a-portugal\/\">\u00bfPortugal queda en Europa? &#8211; Un post de mam\u00e1 viajera.<\/a><\/blockquote><iframe sandbox=\"allow-scripts\" security=\"restricted\" src=\"https:\/\/seecolombia.travel\/blog\/2017\/02\/viajar-con-ninos-a-portugal\/embed\/#?secret=tCXrRhZzoj\" width=\"600\" height=\"338\" title=\"&#8220;\u00bfPortugal queda en Europa? &#8211; Un post de mam\u00e1 viajera.&#8221; &#8212; Colombia Travel Blog by See Colombia Travel\" data-secret=\"tCXrRhZzoj\" frameborder=\"0\" marginwidth=\"0\" marginheight=\"0\" scrolling=\"no\" class=\"wp-embedded-content\"><\/iframe><script type=\"text\/javascript\">\n\/*! This file is auto-generated *\/\n!function(d,l){\"use strict\";var e=!1,o=!1;if(l.querySelector)if(d.addEventListener)e=!0;if(d.wp=d.wp||{},!d.wp.receiveEmbedMessage)if(d.wp.receiveEmbedMessage=function(e){var t=e.data;if(t)if(t.secret||t.message||t.value)if(!\/[^a-zA-Z0-9]\/.test(t.secret)){for(var r,a,i,s=l.querySelectorAll('iframe[data-secret=\"'+t.secret+'\"]'),n=l.querySelectorAll('blockquote[data-secret=\"'+t.secret+'\"]'),o=new RegExp(\"^https?:$\",\"i\"),c=0;c<n.length;c++)n[c].style.display=\"none\";for(c=0;c<s.length;c++)if(r=s[c],e.source===r.contentWindow){if(r.removeAttribute(\"style\"),\"height\"===t.message){if(1e3<(i=parseInt(t.value,10)))i=1e3;else if(~~i<200)i=200;r.height=i}if(\"link\"===t.message)if(a=l.createElement(\"a\"),i=l.createElement(\"a\"),a.href=r.getAttribute(\"src\"),i.href=t.value,o.test(i.protocol))if(i.host===a.host)if(l.activeElement===r)d.top.location.href=t.value}}},e)d.addEventListener(\"message\",d.wp.receiveEmbedMessage,!1),l.addEventListener(\"DOMContentLoaded\",t,!1),d.addEventListener(\"load\",t,!1);function t(){if(!o){o=!0;for(var e,t,r,a=-1!==navigator.appVersion.indexOf(\"MSIE 10\"),i=!!navigator.userAgent.match(\/Trident.*rv:11\\.\/),s=l.querySelectorAll(\"iframe.wp-embedded-content\"),n=0;n<s.length;n++){if(!(r=(t=s[n]).getAttribute(\"data-secret\")))r=Math.random().toString(36).substr(2,10),t.src+=\"#?secret=\"+r,t.setAttribute(\"data-secret\",r);if(a||i)(e=t.cloneNode(!0)).removeAttribute(\"security\"),t.parentNode.replaceChild(e,t);t.contentWindow.postMessage({message:\"ready\",secret:r},\"*\")}}}}(window,document);\n<\/script>\n","thumbnail_url":"https:\/\/seecolombia.travel\/blog\/wp-content\/uploads\/2017\/02\/Portugal-Queda-en-Europa.jpg","thumbnail_width":800,"thumbnail_height":326,"description":"&nbsp; Yo s\u00e9 que deben estar pensando que me he vuelto loca, \u00a1todo el mundo sabe que Portugal est\u00e1 en Europa! Pero esa es la pregunta me hizo Maria del Mar con sus 5 a\u00f1os cuando est\u00e1bamos planeando nuestro viaje. Pero adem\u00e1s por estos lares es una pregunta muy v\u00e1lida, porque por razones\u00a0que desconozco, muchos [&hellip;]"}

¿Portugal queda en Europa? - Un post de mamá viajera.

<blockquote class="wp-embedded-content" data-secret="tCXrRhZzoj"><a href="https://seecolombia.travel/blog/2017/02/viajar-con-ninos-a-portugal/">¿Portugal queda en Europa? &#8211; Un post de mamá viajera.</a></blockquote><iframe sandbox="allow-scripts" security="restricted" src="https://seecolombia.travel/blog/2017/02/viajar-con-ninos-a-portugal/embed/#?secret=tCXrRhZzoj" width="600" height="338" title="&#8220;¿Portugal queda en Europa? &#8211; Un post de mamá viajera.&#8221; &#8212; Colombia Travel Blog by See Colombia Travel" data-secret="tCXrRhZzoj" frameborder="0" marginwidth="0" marginheight="0" scrolling="no" class="wp-embedded-content"></iframe><script type="text/javascript">
/*! This file is auto-generated */
!function(d,l){"use strict";var e=!1,o=!1;if(l.querySelector)if(d.addEventListener)e=!0;if(d.wp=d.wp||{},!d.wp.receiveEmbedMessage)if(d.wp.receiveEmbedMessage=function(e){var t=e.data;if(t)if(t.secret||t.message||t.value)if(!/[^a-zA-Z0-9]/.test(t.secret)){for(var r,a,i,s=l.querySelectorAll('iframe[data-secret="'+t.secret+'"]'),n=l.querySelectorAll('blockquote[data-secret="'+t.secret+'"]'),o=new RegExp("^https?:$","i"),c=0;c<n.length;c++)n[c].style.display="none";for(c=0;c<s.length;c++)if(r=s[c],e.source===r.contentWindow){if(r.removeAttribute("style"),"height"===t.message){if(1e3<(i=parseInt(t.value,10)))i=1e3;else if(~~i<200)i=200;r.height=i}if("link"===t.message)if(a=l.createElement("a"),i=l.createElement("a"),a.href=r.getAttribute("src"),i.href=t.value,o.test(i.protocol))if(i.host===a.host)if(l.activeElement===r)d.top.location.href=t.value}}},e)d.addEventListener("message",d.wp.receiveEmbedMessage,!1),l.addEventListener("DOMContentLoaded",t,!1),d.addEventListener("load",t,!1);function t(){if(!o){o=!0;for(var e,t,r,a=-1!==navigator.appVersion.indexOf("MSIE 10"),i=!!navigator.userAgent.match(/Trident.*rv:11\./),s=l.querySelectorAll("iframe.wp-embedded-content"),n=0;n<s.length;n++){if(!(r=(t=s[n]).getAttribute("data-secret")))r=Math.random().toString(36).substr(2,10),t.src+="#?secret="+r,t.setAttribute("data-secret",r);if(a||i)(e=t.cloneNode(!0)).removeAttribute("security"),t.parentNode.replaceChild(e,t);t.contentWindow.postMessage({message:"ready",secret:r},"*")}}}}(window,document);
</script>

&nbsp; Yo sé que deben estar pensando que me he vuelto loca, ¡todo el mundo sabe que Portugal está en Europa! Pero esa es la pregunta me hizo Maria del Mar con sus 5 años cuando estábamos planeando nuestro viaje. Pero además por estos lares es una pregunta muy válida, porque por razones que desconozco, muchos [&hellip;]
